inder when 4666 is divided by 27.
22
Calculate the remainder when 196 is divided by 54.
34
What is the remainder when 1656 is divided by 413?
4
Calculate the remainder when 19 is divided by 14.
5
Calculate the remainder when 554 is divided by 551.
3
Calculate the remainder when 373 is divided by 37.
3
Calculate the remainder when 18790 is divided by 72.
70
Calculate the remainder when 135 is divided by 73.
62
Calculate the remainder when 14969 is divided by 197.
194
What is the remainder when 17440 is divided by 9?
7
Calculate the remainder when 904 is divided by 17.
3
What is the remainder when 1559 is divided by 22?
19
Calculate the remainder when 7655 is divided by 47.
41
What is the remainder when 403 is divided by 403?
0
What is the remainder when 24 is divided by 18?
6
What is the remainder when 267 is divided by 36?
15
Calculate the remainder when 106 is divided by 38.
30
Calculate the remainder when 56 is divided by 38.
18
What is the remainder when 283 is divided by 257?
26
Calculate the remainder when 3945 is divided by 6.
3
Calculate the remainder when 669 is divided by 51.
6
Calculate the remainder when 382 is divided by 346.
36
Calculate the remainder when 1309 is divided by 23.
21
Calculate the remainder when 126 is divided by 62.
2
What is the remainder when 850 is divided by 848?
2
Calculate the remainder when 1016 is divided by 85.
81
What is the remainder when 159 is divided by 57?
45
What is the remainder when 89 is divided by 3?
2
What is the remainder when 68 is divided by 35?
33
Calculate the remainder when 1952 is divided by 85.
82
Calculate the remainder when 64 is divided by 5.
4
What is the remainder when 395 is divided by 7?
3
What is the remainder when 478 is divided by 48?
46
What is the remainder when 829 is divided by 83?
82
Calculate the remainder when 2027 is divided by 41.
18
What is the remainder when 1051 is divided by 174?
7
Calculate the remainder when 17 is divided by 4.
1
Calculate the remainder when 5142 is divided by 117.
111
What is the remainder when 1695 is divided by 114?
99
Calculate the remainder when 85 is divided by 45.
40
Calculate the remainder when 38 is divided by 20.
18
Calculate the remainder when 259 is divided by 41.
13
Calculate the remainder when 88 is divided by 31.
26
Calculate the remainder when 40 is divided by 24.
16
What is the remainder when 1276 is divided by 39?
28
What is the remainder when 213 is divided by 25?
13
Calculate the remainder when 3227 is divided by 37.
8
What is the remainder when 205 is divided by 97?
11
Calculate the remainder when 1018 is divided by 294.
136
What is the remainder when 286 is divided by 76?
58
What is the remainder when 306 is divided by 31?
27
Calculate the remainder when 1806 is divided by 139.
138
Calculate the remainder when 329 is divided by 115.
99
What is the remainder when 315 is divided by 184?
131
Calculate the remainder when 667 is divided by 42.
37
What is the remainder when 46 is divided by 46?
0
What is the remainder when 395 is divided by 135?
125
What is the remainder when 592 is divided by 99?
97
Calculate the remainder when 65 is divided by 34.
31
What is the remainder when 221 is divided by 30?
11
Calculate the remainder when 47 is divided by 7.
5
Calculate the remainder when 666 is divided by 112.
106
Calculate the remainder when 912 is divided by 241.
189
What is the remainder when 657 is divided by 15?
12
Calculate the remainder when 92 is divided by 84.
8
Calculate the remainder when 307 is divided by 62.
59
Calculate the remainder when 454 is divided by 13.
12
Calculate the remainder when 499 is divided by 35.
9
What is the remainder when 603 is divided by 19?
14
What is the remainder when 40 is divided by 24?
16
Calculate the remainder when 34 is divided by 9.
7
Calculate the remainder when 919 is divided by 23.
22
What is the remainder when 2157 is divided by 94?
89
What is the remainder when 88 is divided by 47?
41
Calculate the remainder when 151 is divided by 68.
15
Calculate the remainder when 98 is divided by 62.
36
What is the remainder when 315 is divided by 20?
15
What is the remainder when 5523 is divided by 85?
83
What is the remainder when 278 is divided by 20?
18
What is the remainder when 317 is divided by 53?
52
Calculate the remainder when 126 is divided by 117.
9
What is the remainder when 1093 is divided by 23?
12
What is the remainder when 1124 is divided by 25?
24
Calculate the remainder when 496 is divided by 128.
112
What is the remainder when 500 is divided by 84?
80
What is the remainder when 960 is divided by 69?
63
What is the remainder when 202 is divided by 7?
6
Calculate the remainder when 316 is divided by 112.
92
Calculate the remainder when 479 is divided by 24.
23
What is the remainder when 5008 is divided by 12?
4
Calculate the remainder when 295 is divided by 81.
52
What is the remainder when 2232 is divided by 281?
265
Calculate the remainder when 563 is divided by 192.
179
Calculate the remainder when 7670 is divided by 14.
12
Calculate the remainder when 5843 is divided by 14.
5
What is the remainder when 765 is divided by 382?
1
What is the remainder when 47 is divided by 11?
3
What is the remainder when 1898 is divided by 237?
2
Calculate the remainder when 2255 is divided by 10.
5
Calculate the remainder when 842 is divided by 121.
116
What is the remainder when 311 is divided by 112?
87
Calculate the remainder when 3923 is divided by 14.
3
What is the remainder when 180 is divided by 46?
42
What is the remainder when 7610 is divided by 22?
20
Calculate the remainder when 680 is divided by 12.
8
What is the remainder when 2902 is divided by 153?
148
What is the remainder when 92 is divided by 73?
19
Calculate the remainder when 230 is divided by 108.
14
What is the remainder when 288 is divided by 33?
24
Calculate the remainder when 629 is divided by 17.
0
What is the remainder when 247 is divided by 234?
13
Calculate the remainder when 825 is divided by 290.
245
What is the remainder when 111 is divided by 24?
15
Calculate the remainder when 218 is divided by 22.
20
Calculate the remainder when 192 is divided by 72.
48
Calculate the remainder when 136 is divided by 47.
42
Calculate the remainder when 136 is divided by 62.
12
What is the remainder when 1307 is divided by 355?
242
Calculate the remainder when 41 is divided by 25.
16
What is the remainder when 577 is divided by 11?
5
What is the remainder when 877 is divided by 174?
7
What is the remainder when 127 is divided by 109?
18
What is the remainder when 5840 is divided by 127?
125
What is the remainder when 3609 is divided by 16?
9
What is the remainder when 181 is divided by 63?
55
What is the remainder when 922 is divided by 195?
142
Calculate the remainder when 123 is divided by 42.
39
Calculate the remainder when 1030 is divided by 342.
4
What is the remainder when 1434 is divided by 5?
4
What is the remainder when 1053 is divided by 359?
335
What is the remainder when 241 is divided by 23?
11
Calculate the remainder when 310 is divided by 302.
8
Calculate the remainder when 599 is divided by 43.
40
Calculate the remainder when 1596 is divided by 84.
0
What is the remainder when 33 is divided by 24?
9
Calculate the remainder when 130 is divided by 30.
10
What is the remainder when 173 is divided by 25?
23
Calculate the remainder when 11 is divided by 2.
1
Calculate the remainder when 1245 is divided by 417.
411
Calculate the remainder when 3388 is divided by 226.
224
What is the remainder when 7691 is divided by 19?
15
What is the remainder when 171 is divided by 22?
17
Calculate the remainder when 31 is divided by 26.
5
Calculate the remainder when 166 is divided by 8.
6
Calculate the remainder when 481 is divided by 54.
49
Calculate the remainder when 26 is divided by 13.
0
Calculate the remainder when 212 is divided by 31.
26
What is the remainder when 482 is divided by 21?
20
What is the remainder when 4623 is divided by 34?
33
Calculate the remainder when 33 is divided by 23.
10
Calculate the remainder when 1509 is divided by 53.
25
What is the remainder when 575 is divided by 45?
35
Calculate the remainder when 212 is divided by 78.
56
Calculate the remainder when 1565 is divided by 8.
5
What is the remai